74 - (0 - -2 - 0). Suppose 2*g = -2*g + u. Suppose g - 8 = 3*b. Is b composite?
True
Suppose -478 = p - 3863. Is p a composite number?
True
Let p be (-12)/(-4)*2/3. Suppose -6 = -2*j + n - 0, 5*n = 2*j + p. Suppose z + 747 = j*q + 6*z, 354 = 2*q - 4*z. Is q a composite number?
True
Suppose -32*r - 32*r = -845888. Is r a prime number?
True
Let f = 7465 + 744. Is f a composite number?
False
Let y = 71 + 360. Is y a prime number?
True
Suppose -3*b + 17900 = 6293. Suppose -b = -2*g + 489. Is g a composite number?
False
Let a(w) = -2850*w - 565. Is a(-8) composite?
True
Let p = -6 - -15. Suppose -7*n + 6 = -p*n. Let j(z) = -4*z**3 + 3*z**2 + 5*z + 3. Is j(n) a prime number?
False
Let a(x) = 306*x**3 + 3*x - 2. Let b = 5 + -4. Is a(b) a composite number?
False
Let i be ((-20)/(-30))/(2/3). Is (1/(-3))/((-12)/2844)*i a composite number?
False
Let v = -132 + 122. Is (-3935)/v*(-2 - -4) a prime number?
True
Let k = 19 - -12. Suppose -6*n - k = -97. Suppose n*d = 9*d + 74. Is d a composite number?
False
Let v = 6 + 19. Suppose 0 = -5*i - 5*f - 1 + 11, 5*i + v = 2*f. Is 57/2*(-10)/i a prime number?
False
Let r be 1631 + 1 + (3 - 2). Suppose -g + r - 512 = 0. Is g prime?
False
Suppose 4*p - 85 = 3*h + 72, 4*h = -5*p + 173. Is p a composite number?
False
Let w = 38420 - 3753. Is w prime?
True
Suppose 2*g - 2*l + 2204 = -1436, -5*l = -3*g - 5456. Let n = g + 3203. Is n composite?
False
Let x(u) = 1864*u**3 + 3*u**2 - 9*u + 17. Is x(2) prime?
True
Let q be (-3)/(-2*(-5)/(-10)). Suppose 0 = -q*d - 4*z - 4208, -3*d + z - 1676 = 2552. Let i = 2271 + d. Is i composite?
False
Let v(p) be the second derivative of 7*p**4/12 + p**3/2 - 3*p**2/2 - 5*p. Let d be v(2). Let l = 37 - d. Is l a composite number?
True
Let d(r) = -r**3 + 2*r**2 + r - 4. Let z(q) = -q**2 + 15*q + 11. Let y be z(16). Let b = -10 - y. Is d(b) prime?
False
Let x be 1 + (1177 - (4 + -1)). Suppose -6*b + x = -b. Is b a composite number?
True
Is 37*3 + (10 - (3 - -5)) prime?
True
Suppose -z = -4*u + 5, -5*u = -5*z - 20 + 10. Let i(j) = 2*j**2 + 2. Let k be i(2). Is (k - 159)*(u - 2) a prime number?
True
Suppose 14 = -0*g - 7*g. Suppose 0 = -5*k - 0*k - 730. Is 6/g - (-2 + k) a prime number?
False
Let b be 8 - ((-10)/(-2))/1. Is 1010/b - 10/6 composite?
True
Let w(o) = 341*o**2 - 4*o + 2. Suppose 5*r - 3*f - 8 = 0, 3*r - f + 0 = 4. Is w(r) a prime number?
False
Suppose 4*p - 2*y - 70600 = 0, 0 = -2*p - 5*y + 17077 + 18235. Is p prime?
False
Let h(g) = 6*g**2 - 9*g + 13. Let t be h(8). Let l = t + -198. Is l a composite number?
False
Let q be 162 - (-2 - 15/(-5)). Is (q/4)/(7/28) composite?
True
Let l(v) = 31*v**2 + 1. Let w = -6 + 0. Is l(w) composite?
False
Is 462084/112*(-56)/(-6) a prime number?
False
Suppose 5*m - 58 = 2*p, 5*m + 2*p + 0*p = 42. Is (-2)/m - (212/(-10) + -1) prime?
False
Let w be 0*((-3)/(-6))/(-1). Suppose w*a = -5*p + 2*a + 133, 3*p = a + 80. Suppose -p = 2*l - 217. Is l prime?
False
Let c = 19514 + -13485. Is c a composite number?
False
Suppose 2*f + 33 = -c + 9, f + 47 = -3*c. Let p = -15 - c. Is ((-6)/6)/(p/127) a prime number?
True
Suppose 0 = -15*k + 10*k. Let l be (0 - k)/(3 + -4). Suppose 4*g - 8*g + 948 = l. Is g composite?
True
Let r(d) = -7*d + 8. Let m be r(-8). Suppose -4*i + n + 58 = -8*i, -2*n = -4*i - m. Is ((-42)/i)/(4/20) a composite number?
True
Let j(g) = 27*g**2 + 185*g - 3. Is j(-40) prime?
True
Suppose 26305 = -233*r + 238*r. Is r composite?
False
Let i be (-3)/2 - 61/(-2). Let x = 15 - i. Let v = x + 40. Is v prime?
False
Let t(d) be the first derivative of -487*d**2/2 + 4*d - 18. Is t(-3) a prime number?
False
Let p be ((-3)/(-9))/((-1)/(-24)). Suppose 0 = 2*s + 2, 3*h - 4*s + 2401 = p*h. Is h a prime number?
False
Let c(x) = -3*x**3 + 4*x**2 + 3*x - 3. Let y be (1/(-6))/((-2)/(-8))*9. Is c(y) a composite number?
True
Let z be 2/((-132)/(-28) + -5). Is (z/2)/((-30)/20820) composite?
True
Let a(l) = 32*l**2 - 34*l + 139. Is a(-27) prime?
False
Let t(i) be the third derivative of i**6/120 + i**5/12 - i**4/4 - i**3/2 - 2*i**2. Let h be t(-6). Is 84 - ((-8)/2 - h) a prime number?
False
Is 6 + -4 + -3 + -6 + 29490 prime?
True
Suppose 0 = -4*g - 4*x - 16, -5*x = -4*g - 7 - 0. Is (-2 - g)*(34 - -13) a composite number?
False
Suppose 9*z - 4 = 8*z. Suppose 216 = z*s - 788. Is s a composite number?
False
Let z(d) = -2*d + 16. Let f be z(6). Suppose 1 = -f*p + 5. Is p/3 - 6325/(-15) composite?
True
Is 1 - (45484/(-7) + (-6)/21) a composite number?
True
Let x(p) = 113*p**2 - 22*p - 49. Is x(-16) prime?
True
Is 3 + 2767 + (-1 - -2*2) a composite number?
True
Suppose -r = 15*r - 223408. Is r prime?
True
Suppose 72123 + 55241 = 4*u. Is u a composite number?
True
Suppose -2*h - 20*s = -19*s - 3316, -5*s = 4*h - 6638. Is h prime?
True
Suppose -61 = 4*g - f + 71, 5*f = 2*g + 66. Is 4/22 + (-18243)/g prime?
False
Is (-6)/(-75) + 9795619/1325 composite?
False
Let l(w) = w**2 - 13*w - 20. Let v be l(15). Suppose -12*c + v*c + 2326 = 0. Is c prime?
True
Let k(q) = 18 - q**3 + 2*q**2 - 19*q + 4*q**2 + 7*q**2. Is k(11) composite?
True
Suppose 3*q - 7*m - 40 = -2*m, q - 2 = -4*m. Is 826*(3 + q/(-4)) a prime number?
False
Suppose -3*z - 4*m + 8639 = 0, -2*z + 5*m + 2692 + 3075 = 0. Is z prime?
False
Let u(q) = 30*q + 16. Let l be u(-7). Let x = 785 + l. Is x composite?
True
Suppose -32144 = 21*w - 153713. Is w composite?
True
Let v(g) be the second derivative of g**4/12 - 2*g**3/3 - g**2 + 4*g. Let u be v(5). Suppose 414 = w + q, u*q + 2*q = -25. Is w a prime number?
True
Let i(v) be the second derivative of v**5/20 + 7*v**4/12 - v**3/6 - 9*v**2/2 - 3*v. Let w be i(-7). Is (-2)/(w - (-1536)/771) a prime number?
True
Suppose -7*n + 85257 = -71816. Is n a composite number?
True
Let v(w) be the third derivative of 67*w**5/30 - w**4/8 + w**3 + 3*w**2 + 4*w. Is v(-5) a composite number?
False
Suppose -12*p + 55340 = 8*p. Is p prime?
True
Let q(f) = 892*f**3 + 1. Let z = 10 - 11. Let i be q(z). Let p = 1370 + i. Is p a composite number?
False
Let o(n) = -n**3 + n + 1. Let h(v) = -v**3 - v**2 + 91. Let t(f) = h(f) - 2*o(f). Let s be t(0). Suppose -s - 534 = -g. Is g a composite number?
True
Let x = -5 + 5. Suppose 5*k = -x*k + 2285. Is k composite?
False
Let q be (-3 + -3)*1/(-3). Suppose -3*t + 760 = q*t. Suppose -440 = -2*i + 3*m, i - m - 69 = t. Is i a composite number?
False
Suppose 0 = -2*r - n + 15 - 5, 0 = -3*n + 12. Let l(p) = 29*p**2 - 2*p - 2. Is l(r) composite?
True
Let f(c) = 19*c**2 + 6*c + 21. Is f(16) composite?
True
Let a = 144 - 113. Let z(k) = 35*k**3 + 2*k - 1. Let b be z(1). Suppose -r + a = -b. Is r prime?
True
Suppose -107*t + 119*t = 23244. Is t composite?
True
Suppose 48*m = 20*m + 849548. Is m a prime number?
True
Suppose -35*g = -39*g + 6940. Is g prime?
False
Is ((-8)/(-4))/((-10)/(-214265)) a composite number?
False
Let q = -18 + 22. Suppose -q*c - 19 - 1 = 0. Let o(s) = s**3 + 9*s**2 + 7*s + 4. Is o(c) a prime number?
False
Let j = 9 + -5. Suppose -j*u + 6 = -7*u. Is 2/(-4) - 107/u a composite number?
False
Suppose 3*c = -2545 + 10792. Is c a prime number?
True
Let y(s) = -2*s + 14. Let v be y(6). Suppose -7*o + v*o + 815 = 0. Is o prime?
True
Suppose 4*g - 13 = 7. Let l(k) = 8*k**3 + 7*k**2 - 3*k + 7. Let i be l(g). Suppose 0 = 5*h - h - 5*j - i, 0 = -2*h + 4*j + 582. Is h prime?
True
Let c be (42/(-30))/7 + 318/(-10). Is (-4)/c*4*422*1 prime?
True
Suppose 3*a + 5*s - 33165 = 0, 15*a - 17*a - 3*s + 22110 = 0. Let h = -5976 + a. Is h prime?
False
Let d = 1580 - -971. Suppose -656 + d = 3*w + 2*a, -8 = -2*a. Is w prime?
False
Suppose 0 = 3*j + 5*w - 10, -3*j - 10 = -j - 5*w. Let r be ((1 - 0) + j)*-49. Let v = 84 + r. Is v a composite number?
True
Let z = 44 + -24. Let d = 24 - z. Suppose -2*m - s + 1347 = 0, d*m + 2*s - 675 = 3*m. Is m a composite number?
False
Suppose -3*d - 3*x + 4146 + 8706 = 0, 12851 = 3*d + 4*x. Is d prime?
False
Let q be (-1295)/(-4) - 2/8*-1. Suppose -q + 53 = -o. Is o a prime number?
True
Suppose -49*q + 347046 = -35*q. Is q a prime number?
False
Suppose 0 = 14*t - 12*t - 466. Let w be -1 - (-3 + 8/4). Suppose -2*r = -4*c - 174, -4*r + r - c + t = w. Is r a prime number?
True
Suppose 3*c + 45 = b, 0*c - 3*c + 2*b = 45. Let r(f) = -7*f + 22. Is r(c) composite?
False
Suppose -13*u + 8*u + 9670 = 0. Is u a composite number?
True
